s the units digit of q?
8
Suppose 0 = -42*a + 11774 + 15610. What is the tens digit of a?
5
Let t = 312 + -188. Suppose -s = -0*s + g - 24, 5*s + 3*g - t = 0. What is the units digit of s?
6
Let h(c) = 5*c + 1. Let n be h(1). Suppose 36*d = 6*d + 90. Suppose 3*z = d + n. What is the units digit of z?
3
Let k = -2 - -1. Let p(v) = 15*v**3 - 5*v**2 + 5*v + 3. Let w(r) = -23*r**3 + 7*r**2 - 7*r - 4. Let f(u) = 7*p(u) + 5*w(u). What is the units digit of f(k)?
1
Let m(b) = -b**3 + 6*b**2 - 5*b + 6. Suppose -1 = -q + 1. Let o be q*(0 - -1) + 2. What is the units digit of m(o)?
8
Let q = 77 + -17. Suppose 4*b + 5*g + 7 = q, 5*b + 2*g = 45. Suppose 50 = b*k - 461. What is the units digit of k?
3
Let b(t) = t**3 + 15*t**2 - 2*t - 26. Let g be b(-15). Let p(w) = w**3 - 11*w - 10. What is the tens digit of p(g)?
1
What is the hundreds digit of (-6 - (27*-91 + -6)) + -6?
4
Let b = 490 + 282. What is the tens digit of b?
7
Let a = -150 - -162. Suppose 0 = 16*c - a*c - 808. What is the hundreds digit of c?
2
Let a = 429 + 286. What is the tens digit of a?
1
Let n(o) = 6*o**3 - 14*o**2 + 15*o - 2. What is the tens digit of n(4)?
1
Let f(w) = 12*w**2 + 7*w + 16. Let s be f(-4). Let j = -25 + s. What is the hundreds digit of j?
1
Let q(d) = d**2 + 9*d + 6. Suppose 0*t = -5*t + 25, 3*i = -3*t + 6. Let k = -14 - i. What is the units digit of q(k)?
8
What is the tens digit of (-223213)/(-203) - (-3)/7?
0
Let a = -19 - 174. Let s = 322 + a. What is the units digit of s?
9
Suppose -2*u = -4*u + 164. Let z = -52 + u. Suppose 4*q - 30 - 87 = -5*o, -3*q + z = o. What is the tens digit of o?
2
Let v be (-5 - -4) + -1 + 6. Suppose v*w = 3*b - 335, 5 = w + 1. What is the tens digit of b?
1
Let o be (20/(-3))/(4/(-6)). Suppose -105 = -5*d + o. What is the tens digit of d?
2
Suppose 0 = s - 2*s - 1. Let b be (7 - 14)/(-2 - s). Let x = b + 2. What is the units digit of x?
9
Suppose -76*s + 401031 = 5*s. What is the thousands digit of s?
4
Let l = 11772 - 6622. What is the thousands digit of l?
5
Let d be ((-126)/(-12))/((-3)/(-4)). Let t be (-7)/d*(-36)/(-2). What is the units digit of 96*(4 - (-30)/t)?
4
Suppose 4*m = 4*q + 96, -7*m + 4*m - 5*q = -96. What is the units digit of m?
7
What is the units digit of 4/(-14) + 102960/210?
0
Let z be -54*(-3 + 1)*2. Suppose -94 = -2*h + z. What is the tens digit of h/9 - (-2)/(-9)?
1
Let v(z) = 3*z. Let r be 52/13 - (0 + 3). Let a be v(r). Suppose -a*g + 69 = 5*h, -3*h + g = -5*h + 28. What is the tens digit of h?
1
Let w(b) = 5*b**2 - 18 + b**2 + 669*b - 663*b - 2*b**2. What is the hundreds digit of w(-7)?
1
Let y = 301 - 65. What is the tens digit of y?
3
Let p(n) = -6*n + 3. Let j be -2*3/(-9)*3. Suppose -j = -2*d + 3*d. What is the tens digit of p(d)?
1
Let y(s) = s**2 - 14*s + 12. Suppose -2*l - 2*l - 5*j = -48, 5*j = -2*l + 14. What is the tens digit of y(l)?
6
Let v = -1 - 0. Let q be 40 + 4/(-4) + v. Suppose -q = -4*i + 6. What is the units digit of i?
1
Let v = 780 + 199. What is the units digit of v?
9
What is the tens digit of 1494 + 10*18/(-45)?
9
Suppose 0 = 3*x - 3*c - 66, 5*x - 178 = 2*c - 59. Suppose 27*z = x*z + 114. What is the tens digit of z?
5
Let a be (-3)/12*24/(-6). What is the units digit of (425/(-10) - a)/(2/(-4))?
7
Suppose -12*m + 104130 = 14*m. What is the thousands digit of m?
4
Let b(j) = -j**3 + 12*j**2 + 13*j + 3. Let r be b(13). Let v(y) = y**3 + 3*y - 1. What is the tens digit of v(r)?
3
Suppose -13*h = -437 + 34. Suppose -22 = -5*o + 213. Let x = o - h. What is the tens digit of x?
1
Suppose 3*h + 2*c = c + 86, h - 30 = -c. Suppose -h = -t - 5. Let j = t - -10. What is the tens digit of j?
3
Suppose 955*s - 947*s - 19664 = 0. What is the units digit of s?
8
Let z(h) be the third derivative of -h**6/120 - 3*h**5/20 - 3*h**4/8 - 5*h**3/3 + 5*h**2. Let d be z(-8). What is the units digit of 0 - d - (1 + -8)?
9
Suppose 0 = 2*y - 4 - 0. Suppose y*c = 8, 2*c = -4*j - 0*c + 4. Let f = 3 + j. What is the units digit of f?
2
What is the tens digit of 10/10 + (-4 - -3)*-1852?
5
Suppose 0 = c + 2 - 1. Let h(x) be the third derivative of -9*x**6/40 - x**5/30 + x**3/6 + 2*x**2. What is the tens digit of h(c)?
2
Let t(s) = s**3 + 6*s**2 + 6*s + 3. Let w be t(-5). Let y(b) = -3*b**2 + 9*b - 12. Let n be y(2). What is the units digit of ((-7)/w)/((-3)/n)?
7
Suppose 12 = 3*c - 15. Let p(a) = a**2 - 8*a - 6. Let w be p(c). Suppose w*n - 5 = y, 2*y + 5*n = 2 + 21. What is the units digit of y?
4
Let g = 3595 + -1930. Suppose -g = -14*u - u. What is the tens digit of u?
1
Suppose -2*q + 2*j - 1 = 1, 2 = 4*q - 2*j. Suppose q*w = 7*w - z - 102, 4*w - 76 = -2*z. Suppose -20 = -5*u + w. What is the units digit of u?
8
Let o(y) = -2*y - 14*y**2 - y**3 - 8*y**2 + 29 - 33. What is the units digit of o(-22)?
0
Let o(x) = -x**3 + x**2 - x + 4. Let s be o(0). Let l(z) = -13*z - 8. Let k(q) = 7*q + 4. Let g(u) = s*l(u) + 9*k(u). What is the units digit of g(2)?
6
Let d(x) be the third derivative of x**6/120 + x**5/20 + x**4/24 - x**3/6 + 3*x**2. Let j be d(-3). What is the tens digit of (j + 0)*(-13 + 0)?
5
What is the hundreds digit of 4176 - ((-48)/96)/((-1)/2)?
1
Let k(x) = 1 + 6 - 16 - 20 - 77*x. What is the hundreds digit of k(-3)?
2
Let t(x) be the first derivative of x**4/4 - 8*x**3/3 + 4*x**2 - 4*x - 1. Let p be t(7). Suppose -4*r + p = -r. What is the units digit of r?
1
Let k = -34 + 62. Suppose k = 4*u - u + 4*z, u - z = 0. What is the units digit of (2/u)/((-2)/(-20))?
5
Suppose 11 = -7*x + 25. Let v(l) = 10*l**3 - 2*l**2 - 3*l + 2. What is the tens digit of v(x)?
6
What is the units digit of 2*2/12 + 1928/12?
1
Let g(x) = x**3 + 7*x**2 - x + 7. Let s be g(-5). Let v = -9 + s. What is the tens digit of v?
5
What is the units digit of 142*((-56)/(-7) + -7)?
2
Let b(m) = 2*m - 12. Let c be b(9). What is the units digit of ((-63)/c)/(15/(-20))?
4
Suppose -4*j = -j + 2*t + 138, -2*j = -4*t + 108. Let d be -1*1*j/(-8). Let z(x) = -2*x - 2. What is the tens digit of z(d)?
1
Suppose i + 4*u - 24 = -i, 2*u = 8. Suppose t + 336 = i*t. Suppose 3*b - t = 110. What is the tens digit of b?
7
Suppose -3319 = -3*t + 734. What is the tens digit of t?
5
Suppose -12 = 3*k + 12. Let d = k - -27. What is the units digit of d?
9
What is the tens digit of 96/(-6)*(2763/4)/(-9)?
2
Suppose -3*v = -2*v + 4*i - 43, i - 34 = -v. Let g = -28 + v. What is the units digit of g?
3
Let t(h) be the third derivative of -h**6/120 - h**5/60 - 5*h**4/24 - h**3 + 3*h**2. What is the units digit of t(-2)?
8
Suppose -4111 = 3*b - 4120. Suppose 4 + 6 = 2*h. Suppose -b*w + h*w = 74. What is the units digit of w?
7
What is the thousands digit of ((-1733)/(-2))/(-15*22/(-660))?
1
Let y = 49 - 43. Let n(z) = -7*z + 9. Let f(t) = 5*t - 6. Let v(q) = 8*f(q) + 5*n(q). What is the units digit of v(y)?
7
Let t = -19 + 88. Let p = 138 - t. What is the tens digit of p?
6
Let w = 230 - 53. Suppose 5*v - w = 2*v. Let a = 108 - v. What is the tens digit of a?
4
Suppose 11*p - 5393 = 28058. What is the thousands digit of p?
3
Let z(j) be the first derivative of 2*j**3/3 + 5*j**2/2 - 21*j - 36. What is the tens digit of z(-8)?
6
Let y = 1185 + -578. What is the hundreds digit of y?
6
What is the thousands digit of 3563/3 + ((-416)/(-24))/13?
1
Let l = 4 + -2. Suppose -19*n = 6*n - 25. What is the tens digit of 19 + (4/l - n)?
2
Suppose 40 + 21 = -q. Let s = -33 - q. What is the units digit of s + (-7)/(28/(-8))?
0
Let n(y) = -y**3 + 4*y - 12. What is the hundreds digit of n(-10)?
9
Let h(z) = z**3 + 16*z**2 + 4*z + 7. What is the tens digit of h(-14)?
4
Suppose 2*p + 8*p = 3000. What is the hundreds digit of p?
3
Suppose 3*o - 8*o = -4*n + 6, -3*o + 3*n - 6 = 0. Let k(p) = 8*p**o - 2 - 9*p - 11 + p**3 - 2*p. What is the units digit of k(-9)?
5
Let q be (-12)/(-15)*15/6. Suppose 4 = -n, -5*y = -q*n - 5 - 3. Suppose y = 3*a + 2*a - 20. What is the units digit of a?
4
Let y(n) = -n**2 + 5*n**2 - 4 - 3*n**2 + 2*n. Let s be ((1 - -1)*3)/2. What is the units digit of y(s)?
1
Let q(c) = 105*c + 4. Let f(v) = -v**3 + 4*v**2 - 4*v + 1. Let h be f(2). What is the hundreds digit of q(h)?
1
What is the units digit of 5220 + 10 + -10 + 7?
7
Let d be 9 - 5/((-15)/(-6)). Suppose d - 32 = -5*i. Suppose -3*l = -0*l - i*y - 85, -5*l + y + 127 = 0. What is the units digit of l?
5
Le